2
Let y(t) = -2*t + 9. Let b(m) = -2*m + 8. Let q(h) = 7*b(h) - 6*y(h). Let g be q(-4). Let i = 17 - g. Calculate the greatest common divisor of i and 42.
7
Let z(m) = -6*m - 2. Let d be z(-4). Suppose -7 = -2*y - 3*h, 2*y - 5*h - 9 = -10*h. Calculate the greatest common divisor of d and y.
2
Let s be ((-12)/(-16))/((-2)/(-8)). Suppose -28 = -4*a + 3*r, -5*a = -s*a + 5*r + 12. Suppose -76 = -a*i - 12. What is the greatest common divisor of 2 and i?
2
Suppose -4*t + 5*s = -327, 347 = 7*t - 3*t - s. Let q(z) = z - 3. Let l be q(0). Let p be (8/6)/(l/(-18)). Calculate the highest common factor of t and p.
8
Let l be (6 + -1)/(((-4)/1)/(-4)). Let o be (-1 - 1)*(-13)/2. Let x be (-18)/(-4)*130/o. What is the greatest common factor of x and l?
5
Suppose 2*m - 7*m - 2*i = -10, 4*m + 2*i = 8. Calculate the highest common divisor of 22 and m.
2
Suppose -7*x + 2*x + 390 = 0. Let n = -72 + x. What is the greatest common factor of 10 and n?
2
Let l be -4*(95/10)/(-1). Let u = -32 + l. Calculate the highest common factor of 2 and u.
2
Suppose 115 = 5*w - 2*o + o, 4*w = 4*o + 108. Suppose 2*h = 2*p + w, -h + 7 = -5*p + 3*p. What is the highest common factor of h and 5?
5
Let j be (-81)/(-45)*27*10. Calculate the highest common divisor of j and 6.
6
Let w be 2/4*-2*-4. Let y be -4*(-26)/4 + (w - 0). What is the highest common factor of 45 and y?
15
Let j be (-357)/28 + (-1)/4. Let d be 492/j + (-6)/39. Let n = 18 - d. Calculate the greatest common factor of 7 and n.
7
Suppose -124 = -2*x - 4*b, -502*x - b = -503*x + 50. What is the highest common divisor of x and 522?
18
Let u be (-4)/10 - 64608/(-120). Let n = -370 + u. Calculate the highest common divisor of n and 24.
24
Let f = 8 - -2. Let v(h) = h**2 + 11*h + 5. Let m be v(-4). Let l = m - -53. What is the highest common factor of l and f?
10
Suppose -72 = -4*o + k, -6*o = -2*o - 5*k - 72. Let a be (1 - 7 - -76) + 2*1. Calculate the greatest common factor of a and o.
18
Let n = 271 - 206. What is the greatest common factor of n and 13?
13
Suppose -27*w + 38048 = 11696. Calculate the highest common factor of 16 and w.
16
Let h be ((-2)/(-6))/(5/75). Let u = h - 3. Suppose 4*p - 56 = 4*f - 0*f, 0 = -2*p - u*f + 8. What is the greatest common factor of 1 and p?
1
Let j be (-9 - -3 - -9)*50/3. Suppose 0 = 5*w - v - j, -5*w - 2*v + 31 = -4. Calculate the highest common divisor of 63 and w.
9
Suppose 0 = -w - 2*x + 58, 2*w + 3*x + 17 = 128. What is the highest common factor of w and 36?
12
Let p be 30 - (-3 + 20/4). Let b = p + -52. Let c = 122 + b. What is the highest common factor of 14 and c?
14
Let j = 237 + -93. Let a = 9 - 10. Let r(n) = 20*n**2 + 3*n + 1. Let d be r(a). Calculate the greatest common divisor of j and d.
18
Let q(g) = g**2 + 11*g + 12. Let p be 28/(-3) - (-3)/((-36)/8). Let r be q(p). Calculate the greatest common factor of r and 1.
1
Suppose 330 = 10*p - 0*p. What is the greatest common divisor of 6 and p?
3
Suppose 0 = -76*n + 303 + 77. Suppose 4*s - 2*i = 16, -4*i - 24 = s - 10. Calculate the greatest common factor of n and s.
1
Let n be 0/(-16) + 10/2. Suppose -m = -5*m + c + 12, -n*m + 24 = c. Calculate the greatest common divisor of m and 36.
4
Let j(n) = -62*n + 287. Let z be j(4). What is the greatest common divisor of z and 52?
13
Let r(y) = -14*y + 414. Let k be r(0). Calculate the highest common factor of k and 184.
46
Let g = 291 + -99. Calculate the greatest common divisor of g and 60.
12
Let m be (-5)/(-9)*49 - (-6)/(-27). Suppose -m*c + 26*c = -60. Calculate the highest common divisor of c and 10.
10
Let u(h) = -2*h + 42. Let g be (-8)/(-20) + 128/(-20). Let y be u(g). What is the highest common divisor of y and 18?
18
Suppose 12*l = -275 + 2435. Calculate the highest common divisor of l and 108.
36
Let b be 2/(-10) + (-2644)/(-20). Suppose -34*u + 130 = -278. Calculate the greatest common factor of b and u.
12
Suppose -165*z - 40 = -175*z. Let y(c) = -12*c. Let w be y(-1). Let l = w - -8. What is the greatest common divisor of z and l?
4
Suppose 8*h - 141 = 211. Suppose 3*m = 2*k - 237, 4*k + m - 553 = -h. Calculate the highest common factor of k and 18.
18
Suppose 0*q = -3*q - 3*n + 1464, 0 = 5*q - 5*n - 2480. Suppose -172 = -2*j + 5*o, -3*o + q = -2*j + 7*j. What is the highest common factor of j and 12?
12
Let w(p) = 3*p**2 - 5*p + 1. Let b be w(2). Suppose b*x - 11*x + 56 = 0. Let a = -3 + 17. Calculate the highest common divisor of x and a.
7
Let b = 126 - 78. Let w = 96 - b. Calculate the greatest common divisor of w and 16.
16
Let n(m) = 2*m**3 - 7*m**2 + 8*m - 10. Let o be n(5). Calculate the greatest common divisor of o and 21.
21
Let y(l) = -l**3 + 7*l**2 - 8*l + 14. Let x be y(6). Calculate the greatest common divisor of x and 48.
2
Suppose 0 = 7*q - 3*q - 832. Calculate the highest common divisor of q and 13.
13
Let h = 10 - 9. Suppose -10 = m - 14. What is the highest common divisor of m and h?
1
Let w = 11 + -12. Let t be ((-117)/(-52))/(w/(-8)). What is the highest common divisor of 198 and t?
18
Let o(l) = -3*l**2 - 12*l - 6. Let x(n) = n**2 + n. Let p(r) = o(r) + 5*x(r). Let z be p(5). Calculate the highest common factor of 36 and z.
9
Let l = -6 + 8. Let i(h) = 15*h**2 - 7*h. Let b be i(-1). What is the highest common divisor of l and b?
2
Suppose 5*y - 20 = -5*g, 13 = -2*y - 0*g + 5*g. Suppose 3*c - 32 = -2*v, -c - 2 = 3*v - y. Let d = -1192 + 1206. What is the highest common divisor of d and c?
14
Let g(v) = 3*v + 124. Let y be g(-30). Calculate the highest common divisor of y and 17.
17
Let l = -10 - 19. Let m = l + 34. Calculate the greatest common divisor of 5 and m.
5
Suppose -3*n - 1029 = -3*c, 2 = 3*n - 2*n. Suppose -24*k + 184 = -16*k. Calculate the highest common factor of k and c.
23
Let l(j) = 9*j + 50. Let k be l(25). What is the highest common divisor of 11 and k?
11
Let q be ((-9)/18)/((-2)/12). Suppose -q*n = s - 35, -3*s + 3*n + 125 = s. What is the highest common divisor of 16 and s?
16
Let x be (3 - (-321)/(-5))*-5. Let n be -8 + 83 - (-4)/(-1). Let k = n + -37. Calculate the greatest common divisor of k and x.
34
Let x(r) = r**2 + 9*r + 219. Let l be x(0). What is the highest common factor of 3 and l?
3
Suppose -17 + 20 = x. Suppose -x*u = -7 - 23. What is the greatest common divisor of 4 and u?
2
Let h be (16 + -6)*(-4)/(-8). What is the highest common divisor of 10 and h?
5
Suppose 48 = -27*z + 29*z. What is the highest common divisor of z and 408?
24
Suppose 4*s - 4*z + 127 = 5*s, -z = 1. Let d = 136 - s. Calculate the greatest common divisor of 30 and d.
5
Let t be (0 + 822)/((-13 + 11)*-1). Calculate the highest common divisor of t and 3.
3
Let k(g) = -g**3 + 5*g**2 + 4*g + 14. Let i be k(6). Let j = 1 - i. Let u be -156*(j - 3/(-9)). What is the highest common divisor of u and 13?
13
Let k(m) = -44*m - 72. Let h be k(-3). What is the greatest common divisor of h and 375?
15
Suppose 3 - 8 = -v. Let w be (-4)/((-60)/9)*75. What is the highest common factor of v and w?
5
Let u(q) = -q**3 - q**2 + 20*q + 4. Let t be u(-5). Suppose -2*h - 36 = -t*h. What is the greatest common factor of h and 234?
18
Suppose 42 + 50 = 4*v. Let f = 2 + v. Calculate the highest common factor of 200 and f.
25
Let n be (-1028)/(-8) + (-6)/(-12). Calculate the highest common divisor of n and 3.
3
Let n be (-1)/((-2)/78 + 0). Let v = 353 + 76. What is the highest common factor of v and n?
39
Suppose 5*g - 665 = -3*s, -4*g = -5*g + 4. What is the greatest common factor of s and 86?
43
Suppose -f = -5*j - 48, 5*f = -3*j + 109 + 47. Let i = 97 + -96. Suppose 5*o - i - 54 = 0. Calculate the greatest common divisor of o and f.
11
Let i be (-810)/108*38/(-3). Calculate the highest common divisor of i and 38.
19
Let n(m) = 8*m - 49. Let z be n(7). Let w = -2 + 5. Suppose -5*i - b + 32 = 0, 5*i + w*b = -0*b + 26. Calculate the greatest common factor of i and z.
7
Let q = 37 + -15. Let t = -427 + 515. What is the highest common divisor of t and q?
22
Let q = -49 - -85. Suppose 0 = -q*f + 31*f + 100. Let x = 34 - -16. What is the greatest common divisor of x and f?
10
Let m = 122 + -118. Suppose 4*a - z + 0 = 28, 3*z = m*a - 36. Let w be ((-1)/(-1) - -1)/1. What is the highest common divisor of w and a?
2
Suppose -10*z = -1007 + 957. What is the greatest common 